)) + (-2)/8. Let l be ((-12)/1)/(-4)*g. Let x(y) = 14*y**2 - 6*y - 23. Is x(l) a composite number?
True
Suppose -20 = -c + 3*s, 3*c + 3*s - 20 = 4*s. Let y be 952 + (3 - (c + 8/(-2))). Is -1*((-3 - 0) + 4 - y) composite?
False
Is (-4)/(-20) + 1786/141*31368/10 composite?
False
Let j = -1089 - -3410. Let x = 4816 - j. Is x a prime number?
False
Suppose 27*c + 7*c = 204. Is (7 - 39/c) + 10730/4 prime?
True
Suppose 1295*h - 2*x = 1290*h + 2672509, 0 = -2*h - 2*x + 1069012. Is h prime?
False
Let c(k) = -122*k**3 - 12*k**2 - 9*k + 12. Suppose 24 = -4*s - 2*i, -8*i - 20 = 4*s - 4*i. Is c(s) a composite number?
False
Suppose -7*l + 1161027 = -0*l. Suppose -m = 2*m - l. Suppose 18*q - m = 9*q. Is q a composite number?
False
Let f be (36/21)/(12/(-42)). Is -127*(f + -3 + 2) a composite number?
True
Let d(y) = y - 1. Let q(t) = 842*t + 117. Let p(w) = -4*d(w) - q(w). Is p(-6) a prime number?
False
Suppose -4*m = 5*s - 6 - 7, -1 = -s. Let d = m + -5. Is 1/(1/(-2199)*d) composite?
False
Suppose 5*m + 5*p - 289380 = 0, -3602*m = -3599*m - 3*p - 173598. Is m composite?
True
Let b(r) = 95*r + 5. Let x be b(1). Suppose 0 = x*k - 105*k + 9145. Is k a prime number?
False
Suppose -2*y + 2*t + t + 3939 = 0, -3*y + 5901 = 3*t. Let u = y - 1355. Is u a composite number?
False
Let r = 13882 - -13456. Is r prime?
False
Let h be 8/20 + (-106)/(-10). Suppose x - o = 4*x + h, -5 = o. Is 13152/30 - (x - 21/(-15)) prime?
True
Let x(t) = t**2 - t + 1. Let m(i) = -2*i**2 + 11*i + 17. Let a(d) = m(d) + x(d). Let n be a(11). Suppose -4*u - 921 = -n*u. Is u composite?
False
Suppose -9*o + 4254 = -4854. Let v be (-2)/(0 + 6/1473). Let b = o + v. Is b a composite number?
False
Let d(o) = 50*o**2 + 2*o - 11. Let g(i) = i**2 - 10*i + 28. Let c be g(3). Is d(c) prime?
False
Suppose 0 = -12*n - 11 + 35. Suppose -3*r + 8839 = n*g, -r = -2*g + 4*g - 8841. Suppose -5*f = -2*x + g, -2 - 13 = 5*f. Is x prime?
True
Let p(w) = -5*w - 457. Let j(f) = -26*f - 2286. Let k(r) = 3*j(r) - 16*p(r). Let h = -56 - -56. Is k(h) prime?
False
Let v(k) = -k**2 + 16*k - 15. Let d be v(1). Suppose 4*i - 25641 - 10139 = d. Is i prime?
False
Suppose 13267 + 1121 = 22*b. Let g = b - -1111. Is g prime?
False
Let t(m) = 10*m - 41. Let l be t(5). Let w(k) = 1750*k - 143. Is w(l) a prime number?
True
Suppose -120 = -38*x + 35*x. Let t = -44 + x. Is -34*t/(-8)*-47 a composite number?
True
Suppose 0 = 8*r - 7*r - 3. Suppose 4*l - 24 = -4*u, -2*u + 4*l - 20 = -4*u. Suppose -2161 = -r*t + u*w, -w = -2*t + 4*w + 1448. Is t a composite number?
False
Suppose -21 = -3*y - 0, -5*y = 2*b - 78829. Is b a composite number?
False
Suppose 173726 = 7*r + 7*r. Let w = r - 5811. Is w prime?
False
Let z(v) = v**2 + 2*v - 3. Let h be z(2). Suppose 6*k - h*k - 1718 = 0. Let t = k + -1017. Is t a composite number?
False
Suppose 10*k - 4*k - 10128 = 0. Suppose -3*w + 5*w = k. Suppose 3*s = 2*x + w, 3*s + 2*x = 2*s + 268. Is s composite?
True
Let j(s) = 9*s + 4. Let v be j(-1). Is 2/(-4)*(-381636)/(v - -11) a prime number?
False
Let c = -3440 - 703. Let m = -824 - c. Is m a composite number?
False
Let o be ((-18)/(-15))/(2/(-5)) - -5. Suppose 0 = -3*v - o*v + 6075. Let k = 1922 - v. Is k a composite number?
True
Let l = 26225 - -10824. Is l composite?
False
Let s(w) = -46 + 95 - 48. Let k(y) = -703*y - 9. Let m(i) = -k(i) - 4*s(i). Is m(2) composite?
True
Let t(f) = 42*f**2 - 2*f - 25. Let r(h) = 41*h**2 - 3*h - 26. Let n(b) = -5*r(b) + 4*t(b). Let m(k) be the first derivative of n(k). Is m(-5) a prime number?
False
Let z(i) = -92799*i - 1700. Is z(-5) composite?
True
Let p(r) = -r**3 - 11*r**2 - r - 2. Let s be p(-11). Suppose -s*i + 741 = -8*i. Suppose -i - 1618 = -7*o. Is o prime?
True
Let m(x) = x**2 - 15*x + 61. Let y be m(8). Suppose o = -y*d + 41642, d - 4*o = -2*o + 8335. Is d composite?
False
Let b = 101 - 97. Suppose 0 = m + b*z - 7311 - 1506, -4*m - 2*z = -35282. Suppose 0 = 17*i - 25056 + m. Is i prime?
False
Suppose -2*t = -4*a + 256852, -522*a = -523*a - 2*t + 64203. Is a a prime number?
False
Let n(s) = -162*s + 24 - 1511*s - 396*s. Is n(-5) prime?
True
Let y(r) be the third derivative of r**5/60 - 3*r**4/8 + r**3/2 - 10*r**2. Let i be y(9). Suppose i*b + 0*b - 663 = 0. Is b a prime number?
False
Suppose -5*z + 77 = -3*n - 22, 0 = z - 5*n - 11. Let o(j) = 7*j + 54. Is o(z) a composite number?
True
Let l = 121 + -118. Suppose 5*b = -4*z + 226, 6*b + l*z - 180 = 2*b. Is 8769/6 + 2 + b/28 prime?
False
Suppose -2*k + 8841 = 4*t - 50963, -29890 = -2*t - 4*k. Is t a composite number?
True
Let j be 19 + -1 + 3 + -2. Suppose 0 = 16*b - j*b. Suppose b*y - 5585 = -5*y. Is y a composite number?
False
Let f be 11/((-6 - -1) + 4). Is -1*0/f + (1134 - 1) a prime number?
False
Let y(u) = -9*u + 79. Suppose 2*b - 48 = 6*b. Is y(b) prime?
False
Let r(j) = 557*j**2 + 331*j + 4067. Is r(-12) prime?
False
Suppose -4*u = -3*r + 13, -2*u = r - 6*u + 9. Suppose 6*c = 7 + r. Suppose -c*n + 302 - 53 = 0. Is n prime?
True
Suppose -7*c + 8*c = -5*m + 74, 391 = 4*c + m. Is (11/(c/(-52614)))/(-2*1) composite?
True
Suppose -743 = -i + 815. Suppose -2*y + i = -428. Suppose 0 = 7*q - 4*q - y. Is q prime?
True
Let u(j) be the third derivative of -j**5/30 + j**4/24 + j**3/6 - 30*j**2. Let r(i) be the first derivative of u(i). Is r(-9) composite?
False
Let l(x) = 145*x - 1037. Is l(48) composite?
False
Is -4 + (-10 - (0 + -80901)) a composite number?
True
Let i(l) = -149*l**3 + l**2 - 3*l + 3. Let c be i(-3). Let r = -2667 + c. Let k = 790 + r. Is k a prime number?
False
Suppose 57*c + k + 454 = 62*c, -4*c = -5*k - 359. Suppose -89*j - 106 = -c*j. Is j prime?
True
Suppose -10*b + 36 = -3574. Suppose 967 = b*a - 360*a. Is a a prime number?
True
Let q(a) = -a**2 + 3*a - 5. Let m be q(5). Let h(f) = -2*f**2 - 30*f. Let v be h(m). Suppose -2*x + 5*x + 737 = 5*z, 5*z + 3*x - 713 = v. Is z prime?
False
Let o = 8933 + -4095. Suppose -1207 = -t + j, 0*j = 4*t - 2*j - o. Let k = -513 + t. Is k prime?
False
Let q(m) = -4*m**2 - 9*m. Let z(x) = 3*x - 35. Let t be z(11). Let f be q(t). Suppose -3*v + 124 = -f*g, 0 = 3*v - g + 3*g - 104. Is v composite?
True
Let y be 11/(5/(83 - 3)). Let m = 717 + y. Is m composite?
True
Let p = 425311 - 249012. Is p composite?
False
Suppose 725977 = 74*t + 92315. Is t prime?
True
Let n(h) = -3518*h**3 + 30*h**2 + 57*h + 1. Is n(-2) prime?
True
Let z(b) = b**3 - 4*b**2 + 11*b + 16. Let t be z(14). Suppose m = 2*x - 4254, -m + 2132 = 2*x - t. Is x a prime number?
True
Suppose 2748*p - 2764*p = -14252048. Is p a composite number?
True
Let a(j) = -309*j**3 - 3*j**2 - 2*j. Let o be a(-1). Suppose 6*v = 3*v + 3627. Let p = v - o. Is p prime?
False
Let j = -4100 + 18098. Let o = j - 9437. Is o composite?
False
Let o(h) = -532*h**3 + 3*h**2 - 92*h + 289. Is o(-14) prime?
True
Suppose 0*p - 4*s = -5*p - 185587, -4*p + s - 148474 = 0. Let d = p - -58882. Is d a prime number?
False
Let k = 1591 + 6594. Is k composite?
True
Suppose 0 = -5*b - 10 + 25. Let a be (-152)/(-6)*(1/(-6)*-3 - -7). Suppose 2*k - a - 102 = 3*h, -b*k + 449 = h. Is k composite?
False
Let z be 7 - (-4 + 3 + 3). Let b(g) = 12*g**2 + g. Let l be b(1). Suppose l*o - 184 = z*o. Is o a composite number?
False
Let z = 4891 + -714. Is z composite?
False
Suppose 3*g + 48 = 9*g. Let j(p) = 21*p**2 - 3*p - 7. Is j(g) composite?
True
Let w(p) = -5*p**3 - 2*p**2 - 6*p + 7. Let o be w(1). Is 4/(o/(-6)) + 25008 + 1 composite?
False
Suppose 3*b - 6331 = 3*f + b, b - 2 = 0. Suppose 29*h + 35200 = -3*h. Let r = h - f. Is r a prime number?
True
Suppose 0*c - 4*c - 4*p = 28, 2*c = -4*p - 12. Is 15/20 + (-67922)/c a composite number?
True
Is (-953868)/(-8)*(-16)/(-24) prime?
False
Let m be 4/(73296/256242 - 4/14). Let i = m + 21669. Is i prime?
True
Let i(z) = -573*z - 78. Let v be i(9). Let p = -2492 - v. Is p prime?
False
Let n = 86 - 94. Let g be n - 4*(-4 + 76/16). Let b(d) = -5*d - 44. Is b(g) a composite number?
False
Suppose 5*u + 5*w = 125, -22 = -3*u + u + 5*w. Let m(o) = -o**3 + 35*o**2 - 93*o - 20. Is m(u) a composite number?
False
Let a be 4 + -1 + (9 - 45/3). Is (5204 - a) + 0*4/(-20) prime?
False
Let k(y) be the third derivative of -781*y**5/60 - y**3/6 - 24*y**2. Let a be k(-1). Is 2 + 1 - (a - 12) prime?
True
Let z = -168396 - -243019. Is z a prime number?
True
Let h be (